{"id":231,"date":"2015-09-01T18:01:35","date_gmt":"2015-09-01T16:01:35","guid":{"rendered":"http:\/\/vrtecacc.splet.arnes.si\/?page_id=231"},"modified":"2022-10-02T18:49:54","modified_gmt":"2022-10-02T16:49:54","slug":"razvojni-oddelek","status":"publish","type":"page","link":"https:\/\/vrtecacc13.splet.arnes.si\/?page_id=231","title":{"rendered":"Razvojni oddelek"},"content":{"rendered":"<p><a href=\"http:\/\/vrtecacc.splet.arnes.si\/files\/2015\/09\/ro.jpg\"><img loading=\"lazy\" decoding=\"async\" class=\" size-medium wp-image-331 aligncenter\" src=\"http:\/\/vrtecacc.splet.arnes.si\/files\/2015\/09\/ro-300x225.jpg\" alt=\"Vrtec AC - razvojni oddelek.\" width=\"300\" height=\"225\" srcset=\"https:\/\/vrtecacc13.splet.arnes.si\/files\/2015\/09\/ro-300x225.jpg 300w, https:\/\/vrtecacc13.splet.arnes.si\/files\/2015\/09\/ro-768x576.jpg 768w, https:\/\/vrtecacc13.splet.arnes.si\/files\/2015\/09\/ro-1024x768.jpg 1024w, https:\/\/vrtecacc13.splet.arnes.si\/files\/2015\/09\/ro-510x382.jpg 510w, https:\/\/vrtecacc13.splet.arnes.si\/files\/2015\/09\/ro-1080x810.jpg 1080w, https:\/\/vrtecacc13.splet.arnes.si\/files\/2015\/09\/ro.jpg 1162w\" sizes=\"(max-width: 300px) 100vw, 300px\" \/><\/a><br \/>\nV enoti Luna (Ljubljanska cesta 48, Celje) izvajamo tudi prilagojeni program za otroke s posebnimi potrebami. V dva oddelka se lahko vklju\u010dijo otroci z raznolikimi primanjkljaji, ki jim je Zavod za \u0161olstvo RS izdal odlo\u010dbo o usmerjanju v ta program. Strokovna podlaga za delo je nacionalni dokument Kurikulum za vrtce v prilagojenem programu za pred\u0161olske otroke, ki je bil sprejet 22. 6. 2006 na Strokovnem svetu RS za splo\u0161no izobra\u017eevanje.<\/p>\n<p>V oddelku je do \u0161est otrok in dve strokovni delavki:<br \/>\n1. oddelek: vodja oddelka Jelka \u0160kornik Prislan in pomo\u010dnica vzgojiteljice Darja Bohor\u010d<br \/>\n2. oddelek: vodja oddelka Martina Medenjak in pomo\u010dnica vzgojiteljice Nata\u0161a Kadilnik.<\/p>\n<p>Delo poteka podobno kot v drugih oddelkih na\u0161ega vrtca (dnevna rutina, usmerjene dejavnosti, aktivnosti na prostem, teme vezane na letni \u010das in vsakodnevno dogajanje), s to razliko, da je povsem prilagojeno potrebam posameznega otroka \u2013 ve\u010d \u010dasa, spodbud, motivacije in ponavljanja dejavnosti na njim zanimiv na\u010din. Hkrati pa se v oddelku izvaja delo individualno z vsakim posameznikom. Za vsakega otroka vodja oddelka, v sodelovanju s star\u0161i, izdela individualiziran program na osnovi katerega se vsi vklju\u010deni prizadevamo v smeri doseganja zastavljenih ciljev na razli\u010dnih podro\u010djih otrokovega razvoja (gibalni razvoj &#8211; groba in fina motorika, govor, socialno &#8211; \u010dustveni razvoj, zaznavno \u2013 spoznavni razvoj). Poudarek v oddelku je na razvijanju samostojnosti, hkrati pa sledimo na\u010delom postopnosti. Cilji in vsebine so prilagojene otrokovim razvojnim posebnostim in sposobnostim.<\/p>\n<p>Otroci oddelka s prilagojenim programom se aktivno vklju\u010dujejo v \u017eivljenje in delo ostalih rednih skupin v na\u0161i enoti. Skupaj bivajo v okolici vrtca, na igri\u0161\u010du, vklju\u010dujejo se v praznovanja, sre\u010dujejo na predstavah, nastopih in medsebojnih obiskih. Dru\u017eenje z ostalimi otroki pripomore k temu, da se otroci med seboj poznajo, sodelujejo in so povezani. Velika prednost tak\u0161nega oddelka je tudi v tem, da lahko ujamemo pravi trenutek, ko je otrok pripravljen sodelovati, pa naj gre za gibalne aktivnosti, spodbujanje samostojnosti ali razvijanje drugih spretnosti. Veliko \u010dasa pre\u017eivimo na prostem, kjer spoznavamo in raziskujemo svet in \u017eivljenje v okolici vrtca in mestnega parka.<br \/>\nOddelek sodeluje z razvojno ambulanto (zdravnica, delovna terapija, fizioterapija, logoped), z &nbsp;Dispanzerjem za psihohigieno otrok in mladine in ambulanto za zobno preventivo.<\/p>\n<p>Pogovorne ure:<br \/>\n1. Vzgojiteljica Jelka \u0160kornik Prislan&nbsp; &nbsp; &nbsp; &nbsp; &nbsp; &nbsp; &nbsp; &nbsp; &nbsp; &nbsp; &nbsp; &nbsp; vsako 1. sredo v mesecu<br \/>\nvzg. &#8211; pomo\u010dnica vzgojiteljice Darja Bohor\u010d&nbsp; &nbsp; &nbsp; &nbsp; &nbsp; &nbsp; &nbsp; &nbsp; &nbsp; od 15.00 &#8211; 17.00<\/p>\n<p>2. vzgojiteljica Martina Medenjak&nbsp; &nbsp; &nbsp; &nbsp; &nbsp; &nbsp; &nbsp; &nbsp; &nbsp; &nbsp; &nbsp; &nbsp; &nbsp; &nbsp; &nbsp;vsak 1. torek v mesecu<br \/>\nvzg. &#8211; pomo\u010dnica vzgojiteljice Nata\u0161a Kadilnik&nbsp; &nbsp; &nbsp; &nbsp; &nbsp; &nbsp; &nbsp; od 15.00 &#8211; 17.00<\/p>\n<table>\n<caption>&nbsp;<\/caption>\n<tbody>\n<tr>\n<td style=\"width: 124px\">&nbsp;<\/td>\n<td style=\"width: 107px\">&nbsp;<\/td>\n<td style=\"width: 209px\">&nbsp;<\/td>\n<td style=\"width: 185px\">&nbsp;<\/td>\n<\/tr>\n<\/tbody>\n<\/table>\n<p>&nbsp;<\/p>\n","protected":false},"excerpt":{"rendered":"<p>V enoti Luna (Ljubljanska cesta 48, Celje) izvajamo tudi prilagojeni program za otroke s posebnimi potrebami. V dva oddelka se lahko vklju\u010dijo otroci z raznolikimi primanjkljaji, ki jim je Zavod za \u0161olstvo RS izdal odlo\u010dbo o usmerjanju v ta program. Strokovna podlaga za delo je nacionalni dokument Kurikulum za vrtce v prilagojenem programu za pred\u0161olske [&hellip;]<\/p>\n","protected":false},"author":11798,"featured_media":0,"parent":229,"menu_order":0,"comment_status":"open","ping_status":"open","template":"","meta":{"_et_pb_use_builder":"","_et_pb_old_content":"","_et_gb_content_width":"","ngg_post_thumbnail":0,"footnotes":""},"class_list":["post-231","page","type-page","status-publish","hentry"],"_links":{"self":[{"href":"https:\/\/vrtecacc13.splet.arnes.si\/index.php?rest_route=\/wp\/v2\/pages\/231","targetHints":{"allow":["GET"]}}],"collection":[{"href":"https:\/\/vrtecacc13.splet.arnes.si\/index.php?rest_route=\/wp\/v2\/pages"}],"about":[{"href":"https:\/\/vrtecacc13.splet.arnes.si\/index.php?rest_route=\/wp\/v2\/types\/page"}],"author":[{"embeddable":true,"href":"https:\/\/vrtecacc13.splet.arnes.si\/index.php?rest_route=\/wp\/v2\/users\/11798"}],"replies":[{"embeddable":true,"href":"https:\/\/vrtecacc13.splet.arnes.si\/index.php?rest_route=%2Fwp%2Fv2%2Fcomments&post=231"}],"version-history":[{"count":5,"href":"https:\/\/vrtecacc13.splet.arnes.si\/index.php?rest_route=\/wp\/v2\/pages\/231\/revisions"}],"predecessor-version":[{"id":7258,"href":"https:\/\/vrtecacc13.splet.arnes.si\/index.php?rest_route=\/wp\/v2\/pages\/231\/revisions\/7258"}],"up":[{"embeddable":true,"href":"https:\/\/vrtecacc13.splet.arnes.si\/index.php?rest_route=\/wp\/v2\/pages\/229"}],"wp:attachment":[{"href":"https:\/\/vrtecacc13.splet.arnes.si\/index.php?rest_route=%2Fwp%2Fv2%2Fmedia&parent=231"}],"curies":[{"name":"wp","href":"https:\/\/api.w.org\/{rel}","templated":true}]}}

<p><a href="http://vrtecacc.splet.arnes.si/files/2015/09/ro.jpg"><img loading="lazy" decoding="async" class=" size-medium wp-image-331 aligncenter" src="http://vrtecacc.splet.arnes.si/files/2015/09/ro-300x225.jpg" alt="Vrtec AC - razvojni oddelek." width="300" height="225" srcset="https://vrtecacc13.splet.arnes.si/files/2015/09/ro-300x225.jpg 300w, https://vrtecacc13.splet.arnes.si/files/2015/09/ro-768x576.jpg 768w, https://vrtecacc13.splet.arnes.si/files/2015/09/ro-1024x768.jpg 1024w, https://vrtecacc13.splet.arnes.si/files/2015/09/ro-510x382.jpg 510w, https://vrtecacc13.splet.arnes.si/files/2015/09/ro-1080x810.jpg 1080w, https://vrtecacc13.splet.arnes.si/files/2015/09/ro.jpg 1162w" sizes="(max-width: 300px) 100vw, 300px" /></a><br />
V enoti Luna (Ljubljanska cesta 48, Celje) izvajamo tudi prilagojeni program za otroke s posebnimi potrebami. V dva oddelka se lahko vključijo otroci z raznolikimi primanjkljaji, ki jim je Zavod za šolstvo RS izdal odločbo o usmerjanju v ta program. Strokovna podlaga za delo je nacionalni dokument Kurikulum za vrtce v prilagojenem programu za predšolske otroke, ki je bil sprejet 22. 6. 2006 na Strokovnem svetu RS za splošno izobraževanje.</p>
<p>V oddelku je do šest otrok in dve strokovni delavki:<br />
1. oddelek: vodja oddelka Jelka Škornik Prislan in pomočnica vzgojiteljice Darja Bohorč<br />
2. oddelek: vodja oddelka Martina Medenjak in pomočnica vzgojiteljice Nataša Kadilnik.</p>
<p>Delo poteka podobno kot v drugih oddelkih našega vrtca (dnevna rutina, usmerjene dejavnosti, aktivnosti na prostem, teme vezane na letni čas in vsakodnevno dogajanje), s to razliko, da je povsem prilagojeno potrebam posameznega otroka – več časa, spodbud, motivacije in ponavljanja dejavnosti na njim zanimiv način. Hkrati pa se v oddelku izvaja delo individualno z vsakim posameznikom. Za vsakega otroka vodja oddelka, v sodelovanju s starši, izdela individualiziran program na osnovi katerega se vsi vključeni prizadevamo v smeri doseganja zastavljenih ciljev na različnih področjih otrokovega razvoja (gibalni razvoj &#8211; groba in fina motorika, govor, socialno &#8211; čustveni razvoj, zaznavno – spoznavni razvoj). Poudarek v oddelku je na razvijanju samostojnosti, hkrati pa sledimo načelom postopnosti. Cilji in vsebine so prilagojene otrokovim razvojnim posebnostim in sposobnostim.</p>
<p>Otroci oddelka s prilagojenim programom se aktivno vključujejo v življenje in delo ostalih rednih skupin v naši enoti. Skupaj bivajo v okolici vrtca, na igrišču, vključujejo se v praznovanja, srečujejo na predstavah, nastopih in medsebojnih obiskih. Druženje z ostalimi otroki pripomore k temu, da se otroci med seboj poznajo, sodelujejo in so povezani. Velika prednost takšnega oddelka je tudi v tem, da lahko ujamemo pravi trenutek, ko je otrok pripravljen sodelovati, pa naj gre za gibalne aktivnosti, spodbujanje samostojnosti ali razvijanje drugih spretnosti. Veliko časa preživimo na prostem, kjer spoznavamo in raziskujemo svet in življenje v okolici vrtca in mestnega parka.<br />
Oddelek sodeluje z razvojno ambulanto (zdravnica, delovna terapija, fizioterapija, logoped), z &nbsp;Dispanzerjem za psihohigieno otrok in mladine in ambulanto za zobno preventivo.</p>
<p>Pogovorne ure:<br />
1. Vzgojiteljica Jelka Škornik Prislan&nbsp; &nbsp; &nbsp; &nbsp; &nbsp; &nbsp; &nbsp; &nbsp; &nbsp; &nbsp; &nbsp; &nbsp; vsako 1. sredo v mesecu<br />
vzg. &#8211; pomočnica vzgojiteljice Darja Bohorč&nbsp; &nbsp; &nbsp; &nbsp; &nbsp; &nbsp; &nbsp; &nbsp; &nbsp; od 15.00 &#8211; 17.00</p>
<p>2. vzgojiteljica Martina Medenjak&nbsp; &nbsp; &nbsp; &nbsp; &nbsp; &nbsp; &nbsp; &nbsp; &nbsp; &nbsp; &nbsp; &nbsp; &nbsp; &nbsp; &nbsp;vsak 1. torek v mesecu<br />
vzg. &#8211; pomočnica vzgojiteljice Nataša Kadilnik&nbsp; &nbsp; &nbsp; &nbsp; &nbsp; &nbsp; &nbsp; od 15.00 &#8211; 17.00</p>
<table>
<caption>&nbsp;</caption>
<tbody>
<tr>
<td style="width: 124px">&nbsp;</td>
<td style="width: 107px">&nbsp;</td>
<td style="width: 209px">&nbsp;</td>
<td style="width: 185px">&nbsp;</td>
</tr>
</tbody>
</table>
<p>&nbsp;</p>

<p>V enoti Luna (Ljubljanska cesta 48, Celje) izvajamo tudi prilagojeni program za otroke s posebnimi potrebami. V dva oddelka se lahko vključijo otroci z raznolikimi primanjkljaji, ki jim je Zavod za šolstvo RS izdal odločbo o usmerjanju v ta program. Strokovna podlaga za delo je nacionalni dokument Kurikulum za vrtce v prilagojenem programu za predšolske [&hellip;]</p>
