{"id":239,"date":"2015-09-01T18:02:52","date_gmt":"2015-09-01T16:02:52","guid":{"rendered":"http:\/\/vrtecacc.splet.arnes.si\/?page_id=239"},"modified":"2015-09-01T18:02:52","modified_gmt":"2015-09-01T16:02:52","slug":"svetovalna-sluzba","status":"publish","type":"page","link":"https:\/\/vrtecacc13.splet.arnes.si\/?page_id=239","title":{"rendered":"Svetovalna slu\u017eba"},"content":{"rendered":"<p><strong>Na\u0161a svetovalna delavka je Sanja Slapar, univ. dipl. psih<\/strong><\/p>\n<p>Osebno se lahko pri njej oglasite po predhodnem dogovoru.<\/p>\n<p>Pokli\u010dete jo lahko po telefonu : 03\/428 64 70 (enota Luna) \u00a0ali po\u0161ljete elektronsko po\u0161to na naslov: <a href=\"mailto:sanja.slapar@guest.arnes.si\">sanja.slapar@guest.arnes.si<\/a><\/p>\n<p><strong>Namen svetovalne slu\u017ebe v vrtcu:<\/strong><\/p>\n<p>Svetovalna slu\u017eba pomaga in sodeluje v vrtcu z osnovnim ciljem in namenom, da bi vrtec in dom skupaj v \u010dim ve\u010dji meri ustvarjala optimalne pogoje za razvoj otrokovih sposobnosti v pred\u0161olskem obdobju. Skupaj z drugimi udele\u017eenci &#8211; v sodelovanju s star\u0161i, vzgojiteljicami in pomo\u010dnicami vzgojiteljic ter vodstvom vrtca \u017eeli ustvariti pogoje za dobro po\u010dutje vseh udele\u017eencev in da bi bili kot celota \u010dimbolj uspe\u0161ni pri uresni\u010devanju temeljnih in drugih zastavljenih splo\u0161nih ter posebnih vzgojno-izobra\u017eevalnih ciljev. Prizadeva si, da bi odrasli otroke bolje razumeli in se na njihove potrebe primerno odzvali.<\/p>\n<p>Odnos med vrtcem in star\u0161i oziroma dru\u017einami je za \u010dim bolj kakovostno vsakdanje \u017eivljenje pred\u0161olskih otrok posebno pomemben. Star\u0161i postajajo v vrtcu sogovorniki in soustvarjalci. Zato \u017eelimo, da bi na\u0161e sodelovanje uspelo in da bi bilo najbolj\u0161a osnova za dobro klimo. S svetovalno delavko se lahko posvetujete:<\/p>\n<ul>\n<li>vpis in izpis otrok,<\/li>\n<li>vklju\u010ditev otroka v vrtec (priprava in pomo\u010d star\u0161em, ki jih zanima ali skrbi vklju\u010ditev otroka v vrtec, pomo\u010d otrokom v podporo in spodbudo za njihov najbolj\u0161i mo\u017een razvoj),<\/li>\n<li>posvetovanje o vzgoji in razvoju otroka (svetovanje in pomo\u010d star\u0161em, ki imajo kakr\u0161nekoli te\u017eave z otrokom),<\/li>\n<li>razumevanje in pomo\u010d pri otrokovih razvojnih in \u010dustvenih te\u017eavah in stiskah (te\u017eave pri hranjenju ali spanju, neprimerno vedenje, nemirnost, mo\u010denje postelje),<\/li>\n<li>razumevanje otrokovega odzivanja in pomo\u010d otroku ob kriti\u010dnih situacijah v dru\u017eini (rojstvo, selitev, smrt, razveze, druge stiske, s katerimi se sre\u010dujete kot star\u0161i),<\/li>\n<li>te\u017eave otroka pri sodelovanju in vklju\u010devanju v skupino,<\/li>\n<li>pomo\u010d otroku s te\u017eavami in primanjkljaji v razvoju (sodelovanje s star\u0161i pri vzpostavljanjem stikov s specialno pedagoginjo ali drugimi strokovnimi delavci in institucijami &#8211; pomo\u010d pri postopku usmerjanja otrok),<\/li>\n<li>sodelovanje s star\u0161i otrok s posebnimi potrebami &#8211; strokovne skupine,<\/li>\n<li>integracija in zagotavljanje enakih mo\u017enosti za vzgojo in izobra\u017eevanje otrok s posebnimi potrebami,<\/li>\n<li>prehod otroka iz vrtca v \u0161olo.<\/li>\n<\/ul>\n<p><strong>Oblike sodelovanja<\/strong><\/p>\n<ul>\n<li>individualni razgovori (osebno na sede\u017eu svetovalne slu\u017ebe, ali po dogovoru v va\u0161i enoti vrtca)<\/li>\n<li>odgovori na zastavljena vpra\u0161anja<\/li>\n<li>strokovne skupine (otroci s posebnimi potrebami)<\/li>\n<li>skupinske oblike dela (predavanja in delavnice na \u017eeleno temo, kraj\u0161i seminarji in delavnice na pobudo star\u0161ev) &#8211; Vrtec za star\u0161e<\/li>\n<\/ul>\n<p>V kolikor je potrebno, svetovalna delavka z va\u0161im soglasjem sodeluje tudi s strokovnimi institucijami (s pedopsiholo\u0161ko ambulanto, s Centrom za socialno delo, z drugimi zdravstvenimi institucijami in s svetovalnimi centri). Svetovalni proces temelji na prostovoljnosti, skupnem dogovoru in zaupnosti podatkov ter zmeraj poteka v dobrobit otroka in njegove dru\u017eine.<\/p>\n","protected":false},"excerpt":{"rendered":"<p>Na\u0161a svetovalna delavka je Sanja Slapar, univ. dipl. psih Osebno se lahko pri njej oglasite po predhodnem dogovoru. Pokli\u010dete jo lahko po telefonu : 03\/428 64 70 (enota Luna) \u00a0ali po\u0161ljete elektronsko po\u0161to na naslov: sanja.slapar@guest.arnes.si Namen svetovalne slu\u017ebe v vrtcu: Svetovalna slu\u017eba pomaga in sodeluje v vrtcu z osnovnim ciljem in namenom, da bi [&hellip;]<\/p>\n","protected":false},"author":11798,"featured_media":0,"parent":213,"menu_order":0,"comment_status":"open","ping_status":"open","template":"","meta":{"_et_pb_use_builder":"","_et_pb_old_content":"","_et_gb_content_width":"","ngg_post_thumbnail":0,"footnotes":""},"class_list":["post-239","page","type-page","status-publish","hentry"],"_links":{"self":[{"href":"https:\/\/vrtecacc13.splet.arnes.si\/index.php?rest_route=\/wp\/v2\/pages\/239","targetHints":{"allow":["GET"]}}],"collection":[{"href":"https:\/\/vrtecacc13.splet.arnes.si\/index.php?rest_route=\/wp\/v2\/pages"}],"about":[{"href":"https:\/\/vrtecacc13.splet.arnes.si\/index.php?rest_route=\/wp\/v2\/types\/page"}],"author":[{"embeddable":true,"href":"https:\/\/vrtecacc13.splet.arnes.si\/index.php?rest_route=\/wp\/v2\/users\/11798"}],"replies":[{"embeddable":true,"href":"https:\/\/vrtecacc13.splet.arnes.si\/index.php?rest_route=%2Fwp%2Fv2%2Fcomments&post=239"}],"version-history":[{"count":0,"href":"https:\/\/vrtecacc13.splet.arnes.si\/index.php?rest_route=\/wp\/v2\/pages\/239\/revisions"}],"up":[{"embeddable":true,"href":"https:\/\/vrtecacc13.splet.arnes.si\/index.php?rest_route=\/wp\/v2\/pages\/213"}],"wp:attachment":[{"href":"https:\/\/vrtecacc13.splet.arnes.si\/index.php?rest_route=%2Fwp%2Fv2%2Fmedia&parent=239"}],"curies":[{"name":"wp","href":"https:\/\/api.w.org\/{rel}","templated":true}]}}