{"id":290,"date":"2015-09-01T18:26:27","date_gmt":"2015-09-01T16:26:27","guid":{"rendered":"http:\/\/vrtecacc.splet.arnes.si\/?page_id=290"},"modified":"2025-09-18T11:25:59","modified_gmt":"2025-09-18T09:25:59","slug":"enota-hribcek","status":"publish","type":"page","link":"https:\/\/vrtecacc13.splet.arnes.si\/?page_id=290","title":{"rendered":"Enota Hrib\u010dek"},"content":{"rendered":"<p><strong>Hra\u0161ov\u010deva ulica 1, Celje<\/strong><br \/>\n<strong><em>Delovni \u010das: 06:15 \u2013 16:00<\/em><\/strong><\/p>\n<p><strong>Telefonske \u0161tevilke:<\/strong><br \/>\n<strong>03&nbsp; 428 56 33<\/strong><br \/>\n<strong>03 428 56 32<\/strong><br \/>\n<strong>organizacijska vodja\/pomo\u010dnica ravnateljice Ksenija Pov\u0161e 03 425 38 40<\/strong><\/p>\n<p align=\"justify\">V enoti imamo tri igralnice za otroke od 11 mesecev do 6. leta starosti v sklopu Osnovne \u0161ole Frana Kranjca.<\/p>\n<p align=\"justify\">Imamo ve\u010dnamenski prostor za \u0161portne aktivnosti, prireditve in dodatne dejavnosti. Pred igralnicami imamo ograjeno igri\u0161\u010de za vrtec, pred enoto pa lahko uporabljamo tudi veliko travnato ter razgibano igri\u0161\u010de skupaj z u\u010denci \u0161ole.<\/p>\n<table style=\"width: 478px;height: 146px\">\n<tbody>\n<tr style=\"height: 71px\">\n<td style=\"width: 72.125px;height: 71px\"><strong>oddelek<\/strong><\/td>\n<td style=\"width: 189.391px;height: 71px\"><strong>vzgojiteljica<\/strong><\/td>\n<td style=\"width: 194.484px;height: 71px\"><strong>Pomo\u010dnica vzgojiteljice<\/strong><\/td>\n<\/tr>\n<tr style=\"height: 23px\">\n<td style=\"width: 72.125px;height: 23px\">2 &#8211; 4<\/td>\n<td style=\"width: 189.391px;height: 23px\">Simona Ter\u0161ek<\/td>\n<td style=\"width: 194.484px;height: 23px\">\u0160pela Poljan\u0161ek<\/td>\n<\/tr>\n<tr style=\"height: 23px\">\n<td style=\"width: 72.125px;height: 23px\">4 &#8211; 5&nbsp;<\/td>\n<td style=\"width: 189.391px;height: 23px\">Nastja \u0160krinjar<\/td>\n<td style=\"width: 194.484px;height: 23px\">&nbsp;<\/td>\n<\/tr>\n<tr style=\"height: 47px\">\n<td style=\"width: 72.125px;height: 29px\">5 \u2013 6<\/td>\n<td style=\"width: 189.391px;height: 29px\">Lavra Magdi\u010d \u0160ekoranja<\/td>\n<td style=\"width: 194.484px;height: 29px\">Jerneja \u017dmajde<\/td>\n<\/tr>\n<\/tbody>\n<\/table>\n<p>So\u010dasnost: Tja\u0161a Ofentav\u0161ek<\/p>\n","protected":false},"excerpt":{"rendered":"<p>Hra\u0161ov\u010deva ulica 1, Celje Delovni \u010das: 06:15 \u2013 16:00 Telefonske \u0161tevilke: 03&nbsp; 428 56 33 03 428 56 32 organizacijska vodja\/pomo\u010dnica ravnateljice Ksenija Pov\u0161e 03 425 38 40 V enoti imamo tri igralnice za otroke od 11 mesecev do 6. leta starosti v sklopu Osnovne \u0161ole Frana Kranjca. Imamo ve\u010dnamenski prostor za \u0161portne aktivnosti, prireditve [&hellip;]<\/p>\n","protected":false},"author":11798,"featured_media":0,"parent":0,"menu_order":0,"comment_status":"open","ping_status":"open","template":"","meta":{"_et_pb_use_builder":"off","_et_pb_old_content":"","_et_gb_content_width":"","ngg_post_thumbnail":0,"footnotes":""},"class_list":["post-290","page","type-page","status-publish","hentry"],"_links":{"self":[{"href":"https:\/\/vrtecacc13.splet.arnes.si\/index.php?rest_route=\/wp\/v2\/pages\/290","targetHints":{"allow":["GET"]}}],"collection":[{"href":"https:\/\/vrtecacc13.splet.arnes.si\/index.php?rest_route=\/wp\/v2\/pages"}],"about":[{"href":"https:\/\/vrtecacc13.splet.arnes.si\/index.php?rest_route=\/wp\/v2\/types\/page"}],"author":[{"embeddable":true,"href":"https:\/\/vrtecacc13.splet.arnes.si\/index.php?rest_route=\/wp\/v2\/users\/11798"}],"replies":[{"embeddable":true,"href":"https:\/\/vrtecacc13.splet.arnes.si\/index.php?rest_route=%2Fwp%2Fv2%2Fcomments&post=290"}],"version-history":[{"count":15,"href":"https:\/\/vrtecacc13.splet.arnes.si\/index.php?rest_route=\/wp\/v2\/pages\/290\/revisions"}],"predecessor-version":[{"id":8631,"href":"https:\/\/vrtecacc13.splet.arnes.si\/index.php?rest_route=\/wp\/v2\/pages\/290\/revisions\/8631"}],"wp:attachment":[{"href":"https:\/\/vrtecacc13.splet.arnes.si\/index.php?rest_route=%2Fwp%2Fv2%2Fmedia&parent=290"}],"curies":[{"name":"wp","href":"https:\/\/api.w.org\/{rel}","templated":true}]}}