{"id":398,"date":"2015-10-09T18:35:28","date_gmt":"2015-10-09T16:35:28","guid":{"rendered":"http:\/\/vrtecacc.splet.arnes.si\/?page_id=398"},"modified":"2026-02-13T08:11:20","modified_gmt":"2026-02-13T07:11:20","slug":"zlozenke","status":"publish","type":"page","link":"https:\/\/vrtecacc13.splet.arnes.si\/?page_id=398","title":{"rendered":"Zlo\u017eenke"},"content":{"rendered":"<p><a href=\"https:\/\/vrtecacc13.splet.arnes.si\/files\/2026\/02\/Publikacija-1-1.pdf\">Publikacija<\/a><\/p>\n<p><a href=\"https:\/\/vrtecacc13.splet.arnes.si\/files\/2026\/02\/HISNI-RED-novi.pdf\">HI\u0160NI RED <\/a><\/p>\n<p><a href=\"http:\/\/vrtecacc.splet.arnes.si\/files\/2015\/11\/zlo\u017eenka-sodelovanje-s-star\u0161i.pdf\" target=\"_blank\" rel=\"noopener\">SODELOVANJE S STAR\u0160I<\/a><\/p>\n<p><a href=\"http:\/\/vrtecacc.splet.arnes.si\/files\/2015\/11\/zlo\u017eenka-prepre\u010devanje-\u0161irjenja-nal-bolezni.pdf\" target=\"_blank\" rel=\"noopener\">BOLEZNI V VRTCU<\/a><\/p>\n<p><a href=\"http:\/\/vrtecacc.splet.arnes.si\/files\/2015\/11\/zlo\u017eenka-OBVE\u0160\u010cANJE-V-VRTCU.pdf\" target=\"_blank\" rel=\"noopener\">OBVE\u0160\u010cANJE V VRTCU<\/a><\/p>\n<p><a href=\"http:\/\/vrtecacc.splet.arnes.si\/files\/2015\/11\/zgibanka-bolnica-2.pdf\" target=\"_blank\" rel=\"noopener\">BOLNI\u0160NICA<\/a><\/p>\n","protected":false},"excerpt":{"rendered":"<p>Publikacija HI\u0160NI RED SODELOVANJE S STAR\u0160I BOLEZNI V VRTCU OBVE\u0160\u010cANJE V VRTCU BOLNI\u0160NICA<\/p>\n","protected":false},"author":11798,"featured_media":0,"parent":0,"menu_order":0,"comment_status":"open","ping_status":"open","template":"","meta":{"_et_pb_use_builder":"","_et_pb_old_content":"","_et_gb_content_width":"","ngg_post_thumbnail":0,"footnotes":""},"class_list":["post-398","page","type-page","status-publish","hentry"],"_links":{"self":[{"href":"https:\/\/vrtecacc13.splet.arnes.si\/index.php?rest_route=\/wp\/v2\/pages\/398","targetHints":{"allow":["GET"]}}],"collection":[{"href":"https:\/\/vrtecacc13.splet.arnes.si\/index.php?rest_route=\/wp\/v2\/pages"}],"about":[{"href":"https:\/\/vrtecacc13.splet.arnes.si\/index.php?rest_route=\/wp\/v2\/types\/page"}],"author":[{"embeddable":true,"href":"https:\/\/vrtecacc13.splet.arnes.si\/index.php?rest_route=\/wp\/v2\/users\/11798"}],"replies":[{"embeddable":true,"href":"https:\/\/vrtecacc13.splet.arnes.si\/index.php?rest_route=%2Fwp%2Fv2%2Fcomments&post=398"}],"version-history":[{"count":3,"href":"https:\/\/vrtecacc13.splet.arnes.si\/index.php?rest_route=\/wp\/v2\/pages\/398\/revisions"}],"predecessor-version":[{"id":8773,"href":"https:\/\/vrtecacc13.splet.arnes.si\/index.php?rest_route=\/wp\/v2\/pages\/398\/revisions\/8773"}],"wp:attachment":[{"href":"https:\/\/vrtecacc13.splet.arnes.si\/index.php?rest_route=%2Fwp%2Fv2%2Fmedia&parent=398"}],"curies":[{"name":"wp","href":"https:\/\/api.w.org\/{rel}","templated":true}]}}