{"id":416,"date":"2015-10-09T18:40:50","date_gmt":"2015-10-09T16:40:50","guid":{"rendered":"http:\/\/vrtecacc.splet.arnes.si\/?page_id=416"},"modified":"2015-10-09T18:40:50","modified_gmt":"2015-10-09T16:40:50","slug":"delovanje","status":"publish","type":"page","link":"https:\/\/vrtecacc13.splet.arnes.si\/?page_id=416","title":{"rendered":"Svet star\u0161ev"},"content":{"rendered":"<p>Za organizirano uresni\u010devanje interesa star\u0161ev se v vrtcu oblikuje svet star\u0161ev.<\/p>\n<p>Svet star\u0161ev \u0161ole:<\/p>\n<ul>\n<li>predlaga nadstandardne programe,<\/li>\n<li>daje soglasje k predlogu ravnatelja o nadstandardnih storitvah,<\/li>\n<li>daje mnenje o predlogu programa razvoja vrtca\u00a0in o letnem delovnem na\u010drtu,<\/li>\n<li>razpravlja o poro\u010dilih ravnatelja o vzgojno-izobra\u017eevalni problematiki,<\/li>\n<li>obravnava prito\u017ebe star\u0161ev v zvezi z vzgojno &#8211; izobra\u017eevalnim delom,<\/li>\n<li>voli predstavnike v svet vrtca,<\/li>\n<li>opravlja druge naloge v skladu z zakonom in drugimi predpisi.<\/li>\n<\/ul>\n<p>Svet star\u0161ev je sestavljen tako, da ima v njem vsak oddelek enega predstavnika, ki ga star\u0161i izvolijo na roditeljskem sestanku oddelka. Zaradi zagotavlja udele\u017ebe na sestankih sveta star\u0161ev se v oddelku izvoli \u0161e namestnik predstavnika sveta star\u0161ev.<\/p>\n<p>Delo sveta star\u0161ev je javno. Javnost dela se uresni\u010duje z objavo zapisnikov sej sveta star\u0161ev na oglasnih deskah za star\u0161e<em>.<\/em>Svet star\u0161ev lahko izglasuje na pobudo predsednika ali katerega koli \u010dlana sveta, da del seje ali zapisnika ni javen.<br \/>\nJavnost se lahko izklju\u010di zaradi varovanja osebnih podatkov, osebne nedotakljivosti ali zavarovanja poslovnih skrivnosti zavoda.<strong>\u00a0<\/strong><\/p>\n<p>Prvi sklic sveta star\u0161ev zavoda opravi ravnatelj.<\/p>\n","protected":false},"excerpt":{"rendered":"<p>Za organizirano uresni\u010devanje interesa star\u0161ev se v vrtcu oblikuje svet star\u0161ev. Svet star\u0161ev \u0161ole: predlaga nadstandardne programe, daje soglasje k predlogu ravnatelja o nadstandardnih storitvah, daje mnenje o predlogu programa razvoja vrtca\u00a0in o letnem delovnem na\u010drtu, razpravlja o poro\u010dilih ravnatelja o vzgojno-izobra\u017eevalni problematiki, obravnava prito\u017ebe star\u0161ev v zvezi z vzgojno &#8211; izobra\u017eevalnim delom, voli predstavnike [&hellip;]<\/p>\n","protected":false},"author":11798,"featured_media":0,"parent":0,"menu_order":0,"comment_status":"open","ping_status":"open","template":"","meta":{"_et_pb_use_builder":"","_et_pb_old_content":"","_et_gb_content_width":"","ngg_post_thumbnail":0,"footnotes":""},"class_list":["post-416","page","type-page","status-publish","hentry"],"_links":{"self":[{"href":"https:\/\/vrtecacc13.splet.arnes.si\/index.php?rest_route=\/wp\/v2\/pages\/416","targetHints":{"allow":["GET"]}}],"collection":[{"href":"https:\/\/vrtecacc13.splet.arnes.si\/index.php?rest_route=\/wp\/v2\/pages"}],"about":[{"href":"https:\/\/vrtecacc13.splet.arnes.si\/index.php?rest_route=\/wp\/v2\/types\/page"}],"author":[{"embeddable":true,"href":"https:\/\/vrtecacc13.splet.arnes.si\/index.php?rest_route=\/wp\/v2\/users\/11798"}],"replies":[{"embeddable":true,"href":"https:\/\/vrtecacc13.splet.arnes.si\/index.php?rest_route=%2Fwp%2Fv2%2Fcomments&post=416"}],"version-history":[{"count":0,"href":"https:\/\/vrtecacc13.splet.arnes.si\/index.php?rest_route=\/wp\/v2\/pages\/416\/revisions"}],"wp:attachment":[{"href":"https:\/\/vrtecacc13.splet.arnes.si\/index.php?rest_route=%2Fwp%2Fv2%2Fmedia&parent=416"}],"curies":[{"name":"wp","href":"https:\/\/api.w.org\/{rel}","templated":true}]}}