{"id":426,"date":"2015-10-09T18:43:23","date_gmt":"2015-10-09T16:43:23","guid":{"rendered":"http:\/\/vrtecacc.splet.arnes.si\/?page_id=426"},"modified":"2022-10-02T18:51:39","modified_gmt":"2022-10-02T16:51:39","slug":"programi","status":"publish","type":"page","link":"https:\/\/vrtecacc13.splet.arnes.si\/?page_id=426","title":{"rendered":"Programi"},"content":{"rendered":"<p><strong>Redni programi pred\u0161olske vzgoje<\/strong><\/p>\n<p>Glede na potrebe star\u0161ev, bomo v \u0161olskem letu 2022\/2023 v vrtcu izvajali naslednje programe:<\/p>\n<ul>\n<li>dnevni 6 \u2013 9 urni dopoldanski program v vseh enotah vrtca,<\/li>\n<li>dnevni 6 \u2013 9 urni&nbsp; prilagojeni program za otroke s posebnimi potrebami v enoti Luna.<\/li>\n<\/ul>\n<p>V okviru 6 do 9 urnega programa v vrtcu poteka tudi program za vklju\u010dene pred\u0161olske otroke s posebnimi potrebami s prilagojenim izvajanjem in dodatno strokovno pomo\u010djo.<\/p>\n<p>Posamezen otrok je lahko po dolo\u010dilih Zakona o vrtcih v vrtcu dnevno najve\u010d 9 ur.<\/p>\n","protected":false},"excerpt":{"rendered":"<p>Redni programi pred\u0161olske vzgoje Glede na potrebe star\u0161ev, bomo v \u0161olskem letu 2022\/2023 v vrtcu izvajali naslednje programe: dnevni 6 \u2013 9 urni dopoldanski program v vseh enotah vrtca, dnevni 6 \u2013 9 urni&nbsp; prilagojeni program za otroke s posebnimi potrebami v enoti Luna. V okviru 6 do 9 urnega programa v vrtcu poteka tudi [&hellip;]<\/p>\n","protected":false},"author":11798,"featured_media":0,"parent":0,"menu_order":0,"comment_status":"open","ping_status":"open","template":"","meta":{"_et_pb_use_builder":"","_et_pb_old_content":"","_et_gb_content_width":"","ngg_post_thumbnail":0,"footnotes":""},"class_list":["post-426","page","type-page","status-publish","hentry"],"_links":{"self":[{"href":"https:\/\/vrtecacc13.splet.arnes.si\/index.php?rest_route=\/wp\/v2\/pages\/426","targetHints":{"allow":["GET"]}}],"collection":[{"href":"https:\/\/vrtecacc13.splet.arnes.si\/index.php?rest_route=\/wp\/v2\/pages"}],"about":[{"href":"https:\/\/vrtecacc13.splet.arnes.si\/index.php?rest_route=\/wp\/v2\/types\/page"}],"author":[{"embeddable":true,"href":"https:\/\/vrtecacc13.splet.arnes.si\/index.php?rest_route=\/wp\/v2\/users\/11798"}],"replies":[{"embeddable":true,"href":"https:\/\/vrtecacc13.splet.arnes.si\/index.php?rest_route=%2Fwp%2Fv2%2Fcomments&post=426"}],"version-history":[{"count":3,"href":"https:\/\/vrtecacc13.splet.arnes.si\/index.php?rest_route=\/wp\/v2\/pages\/426\/revisions"}],"predecessor-version":[{"id":7259,"href":"https:\/\/vrtecacc13.splet.arnes.si\/index.php?rest_route=\/wp\/v2\/pages\/426\/revisions\/7259"}],"wp:attachment":[{"href":"https:\/\/vrtecacc13.splet.arnes.si\/index.php?rest_route=%2Fwp%2Fv2%2Fmedia&parent=426"}],"curies":[{"name":"wp","href":"https:\/\/api.w.org\/{rel}","templated":true}]}}

<p><strong>Redni programi predšolske vzgoje</strong></p>
<p>Glede na potrebe staršev, bomo v šolskem letu 2022/2023 v vrtcu izvajali naslednje programe:</p>
<ul>
<li>dnevni 6 – 9 urni dopoldanski program v vseh enotah vrtca,</li>
<li>dnevni 6 – 9 urni&nbsp; prilagojeni program za otroke s posebnimi potrebami v enoti Luna.</li>
</ul>
<p>V okviru 6 do 9 urnega programa v vrtcu poteka tudi program za vključene predšolske otroke s posebnimi potrebami s prilagojenim izvajanjem in dodatno strokovno pomočjo.</p>
<p>Posamezen otrok je lahko po določilih Zakona o vrtcih v vrtcu dnevno največ 9 ur.</p>

<p>Redni programi predšolske vzgoje Glede na potrebe staršev, bomo v šolskem letu 2022/2023 v vrtcu izvajali naslednje programe: dnevni 6 – 9 urni dopoldanski program v vseh enotah vrtca, dnevni 6 – 9 urni&nbsp; prilagojeni program za otroke s posebnimi potrebami v enoti Luna. V okviru 6 do 9 urnega programa v vrtcu poteka tudi [&hellip;]</p>
