{"id":6844,"date":"2021-11-24T13:53:55","date_gmt":"2021-11-24T12:53:55","guid":{"rendered":"https:\/\/vrtecacc13.splet.arnes.si\/?page_id=6844"},"modified":"2021-11-24T13:55:34","modified_gmt":"2021-11-24T12:55:34","slug":"pravilnik-o-postopku-sprejema-v-javne-vrtce-mestne-obcine-celje","status":"publish","type":"page","link":"https:\/\/vrtecacc13.splet.arnes.si\/?page_id=6844","title":{"rendered":"Pravilnik o postopku sprejema v javne vrtce Mestne ob\u010dine Celje"},"content":{"rendered":"<p>Pravilnik o postopku sprejema otrok v javne vrtce MO Celje (Ur. l. RS, \u0161t. 7\/2011, 34\/2012) oz. vsebino 15. do 17. \u010dlena, ki se nana\u0161a na centralni \u010dakalni seznam,\u00a0si lahko preberete\u00a0<a href=\"http:\/\/www.uradni-list.si\/1\/content?id=102043\" target=\"_blank\" rel=\"noopener noreferrer\"><strong>TUKAJ<\/strong>\u00a0<\/a>in\u00a0<strong><span class=\"wf_file_text\"><a href=\"http:\/\/www.uradni-list.si\/1\/content?id=108574#!\/Pravilnik-o-spremembah-in-dopolnitvah-Pravilnika-o-postopku-sprejema-otrok-v-javne-vrtce-Mestne-obcine-Celje\" target=\"_blank\" rel=\"noopener noreferrer\" data-et-has-event-already=\"true\">TUKAJ<\/a>.<\/span><\/strong><\/p>\n","protected":false},"excerpt":{"rendered":"<p>Pravilnik o postopku sprejema otrok v javne vrtce MO Celje (Ur. l. RS, \u0161t. 7\/2011, 34\/2012) oz. vsebino 15. do 17. \u010dlena, ki se nana\u0161a na centralni \u010dakalni seznam,\u00a0si lahko preberete\u00a0TUKAJ\u00a0in\u00a0TUKAJ.<\/p>\n","protected":false},"author":7149,"featured_media":0,"parent":0,"menu_order":0,"comment_status":"closed","ping_status":"closed","template":"","meta":{"_et_pb_use_builder":"","_et_pb_old_content":"","_et_gb_content_width":"","ngg_post_thumbnail":0,"footnotes":""},"class_list":["post-6844","page","type-page","status-publish","hentry"],"_links":{"self":[{"href":"https:\/\/vrtecacc13.splet.arnes.si\/index.php?rest_route=\/wp\/v2\/pages\/6844","targetHints":{"allow":["GET"]}}],"collection":[{"href":"https:\/\/vrtecacc13.splet.arnes.si\/index.php?rest_route=\/wp\/v2\/pages"}],"about":[{"href":"https:\/\/vrtecacc13.splet.arnes.si\/index.php?rest_route=\/wp\/v2\/types\/page"}],"author":[{"embeddable":true,"href":"https:\/\/vrtecacc13.splet.arnes.si\/index.php?rest_route=\/wp\/v2\/users\/7149"}],"replies":[{"embeddable":true,"href":"https:\/\/vrtecacc13.splet.arnes.si\/index.php?rest_route=%2Fwp%2Fv2%2Fcomments&post=6844"}],"version-history":[{"count":1,"href":"https:\/\/vrtecacc13.splet.arnes.si\/index.php?rest_route=\/wp\/v2\/pages\/6844\/revisions"}],"predecessor-version":[{"id":6845,"href":"https:\/\/vrtecacc13.splet.arnes.si\/index.php?rest_route=\/wp\/v2\/pages\/6844\/revisions\/6845"}],"wp:attachment":[{"href":"https:\/\/vrtecacc13.splet.arnes.si\/index.php?rest_route=%2Fwp%2Fv2%2Fmedia&parent=6844"}],"curies":[{"name":"wp","href":"https:\/\/api.w.org\/{rel}","templated":true}]}}

Pravilnik o postopku sprejema v javne vrtce Mestne občine Celje

<p>Pravilnik o postopku sprejema otrok v javne vrtce MO Celje (Ur. l. RS, št. 7/2011, 34/2012) oz. vsebino 15. do 17. člena, ki se nanaša na centralni čakalni seznam, si lahko preberete <a href="http://www.uradni-list.si/1/content?id=102043" target="_blank" rel="noopener noreferrer"><strong>TUKAJ</strong> </a>in <strong><span class="wf_file_text"><a href="http://www.uradni-list.si/1/content?id=108574#!/Pravilnik-o-spremembah-in-dopolnitvah-Pravilnika-o-postopku-sprejema-otrok-v-javne-vrtce-Mestne-obcine-Celje" target="_blank" rel="noopener noreferrer" data-et-has-event-already="true">TUKAJ</a>.</span></strong></p>

<p>Pravilnik o postopku sprejema otrok v javne vrtce MO Celje (Ur. l. RS, št. 7/2011, 34/2012) oz. vsebino 15. do 17. člena, ki se nanaša na centralni čakalni seznam, si lahko preberete TUKAJ in TUKAJ.</p>
