{"id":7546,"date":"2023-03-17T15:06:59","date_gmt":"2023-03-17T14:06:59","guid":{"rendered":"https:\/\/vrtecacc13.splet.arnes.si\/?page_id=7546"},"modified":"2023-03-17T16:00:41","modified_gmt":"2023-03-17T15:00:41","slug":"podnebni-cilji-in-vsebine-v-vzgoji-in-izobrazevanju","status":"publish","type":"page","link":"https:\/\/vrtecacc13.splet.arnes.si\/?page_id=7546","title":{"rendered":"Podnebni cilji in vsebine v vzgoji in izobra\u017eevanju"},"content":{"rendered":"<p><a href=\"https:\/\/vrtecacc13.splet.arnes.si\/files\/2023\/03\/MVI-1.png\"><img loading=\"lazy\" decoding=\"async\" class=\"wp-image-7576 alignleft\" src=\"https:\/\/vrtecacc13.splet.arnes.si\/files\/2023\/03\/MVI-1-300x72.png\" alt=\"\" width=\"192\" height=\"46\" srcset=\"https:\/\/vrtecacc13.splet.arnes.si\/files\/2023\/03\/MVI-1-300x72.png 300w, https:\/\/vrtecacc13.splet.arnes.si\/files\/2023\/03\/MVI-1.png 457w\" sizes=\"(max-width: 192px) 100vw, 192px\" \/> &nbsp; &nbsp; &nbsp; &nbsp; &nbsp; &nbsp; <\/a><a href=\"https:\/\/vrtecacc13.splet.arnes.si\/files\/2023\/03\/MOPE-1.jpg\"><img loading=\"lazy\" decoding=\"async\" class=\"wp-image-7582 alignright\" src=\"https:\/\/vrtecacc13.splet.arnes.si\/files\/2023\/03\/MOPE-1-300x102.jpg\" alt=\"\" width=\"142\" height=\"48\" srcset=\"https:\/\/vrtecacc13.splet.arnes.si\/files\/2023\/03\/MOPE-1-300x102.jpg 300w, https:\/\/vrtecacc13.splet.arnes.si\/files\/2023\/03\/MOPE-1.jpg 384w\" sizes=\"(max-width: 142px) 100vw, 142px\" \/><\/a><\/p>\n<p>&nbsp;<\/p>\n<p>\u010casovni okvir: 1. 3. 2022 &#8211; 20. 11. 2023<\/p>\n<p>Vzgoja in izobra\u017eevanje za trajnostni razvoj je uresni\u010devanje ciljev trajnostnega razvoja <a href=\"https:\/\/www.zrss.si\/wp-content\/uploads\/2022\/03\/VITR_za_2030-1.pdf\" target=\"_blank\" rel=\"noopener\">(VITR za 2030<\/a>). Podro\u010dje vzgoje in izobra\u017eevanja za trajnostni razvoj (VITR) se je razvilo iz potrebe po soo\u010danju z vse ve\u010djimi trajnostnimi izzivi tudi v vzgoji in izobra\u017eevanju. VITR uporablja k aktivnosti usmerjene, inovativne pedago\u0161ke pristope, s katerimi u\u010de\u010dim se omogo\u010da, da pridobijo znanje, postanejo bolj ozave\u0161\u010deni ter aktivno prispevajo k preobrazbi v bolj trajnostno dru\u017ebo.&nbsp;Zato je vzgoja in izobra\u017eevanje za trajnostni razvoj vse\u017eivljenjski proces i prepoznan kot klju\u010dni dejavnik pri doseganju vseh ciljev trajnostnega razvoja. Svoj namen dosega s preoblikovanjem dru\u017ebe.<\/p>\n<p>Z izvajanjem dejavnosti in projektnimi vsebinami bomo v vrtcu sledili vsebinam in ciljem VITR, krepili vrednote in sledili ciljem, ki smo si jih zastavili v okviru projekta.<\/p>\n<p><a href=\"https:\/\/vrtecacc13.splet.arnes.si\/files\/2023\/03\/Vrtec-Anice-Cernejeve-Celje_koncna-verzija.pdf\" target=\"_blank\" rel=\"noopener\">Predstavitev na\u0161ih ciljev<\/a><\/p>\n<p><a href=\"https:\/\/vrtecacc13.splet.arnes.si\/files\/2023\/03\/VITR-2.jpg\"><img loading=\"lazy\" decoding=\"async\" class=\"alignnone size-medium wp-image-7583\" src=\"https:\/\/vrtecacc13.splet.arnes.si\/files\/2023\/03\/VITR-2-300x249.jpg\" alt=\"\" width=\"300\" height=\"249\"><\/a><\/p>\n<p>&nbsp;<\/p>\n","protected":false},"excerpt":{"rendered":"<p>&nbsp; &nbsp; &nbsp; &nbsp; &nbsp; &nbsp; &nbsp; \u010casovni okvir: 1. 3. 2022 &#8211; 20. 11. 2023 Vzgoja in izobra\u017eevanje za trajnostni razvoj je uresni\u010devanje ciljev trajnostnega razvoja (VITR za 2030). Podro\u010dje vzgoje in izobra\u017eevanja za trajnostni razvoj (VITR) se je razvilo iz potrebe po soo\u010danju z vse ve\u010djimi trajnostnimi izzivi tudi v vzgoji in izobra\u017eevanju. [&hellip;]<\/p>\n","protected":false},"author":7149,"featured_media":7571,"parent":1921,"menu_order":0,"comment_status":"closed","ping_status":"closed","template":"","meta":{"_et_pb_use_builder":"off","_et_pb_old_content":"","_et_gb_content_width":"","ngg_post_thumbnail":0,"footnotes":""},"class_list":["post-7546","page","type-page","status-publish","has-post-thumbnail","hentry"],"_links":{"self":[{"href":"https:\/\/vrtecacc13.splet.arnes.si\/index.php?rest_route=\/wp\/v2\/pages\/7546","targetHints":{"allow":["GET"]}}],"collection":[{"href":"https:\/\/vrtecacc13.splet.arnes.si\/index.php?rest_route=\/wp\/v2\/pages"}],"about":[{"href":"https:\/\/vrtecacc13.splet.arnes.si\/index.php?rest_route=\/wp\/v2\/types\/page"}],"author":[{"embeddable":true,"href":"https:\/\/vrtecacc13.splet.arnes.si\/index.php?rest_route=\/wp\/v2\/users\/7149"}],"replies":[{"embeddable":true,"href":"https:\/\/vrtecacc13.splet.arnes.si\/index.php?rest_route=%2Fwp%2Fv2%2Fcomments&post=7546"}],"version-history":[{"count":21,"href":"https:\/\/vrtecacc13.splet.arnes.si\/index.php?rest_route=\/wp\/v2\/pages\/7546\/revisions"}],"predecessor-version":[{"id":7596,"href":"https:\/\/vrtecacc13.splet.arnes.si\/index.php?rest_route=\/wp\/v2\/pages\/7546\/revisions\/7596"}],"up":[{"embeddable":true,"href":"https:\/\/vrtecacc13.splet.arnes.si\/index.php?rest_route=\/wp\/v2\/pages\/1921"}],"wp:featuredmedia":[{"embeddable":true,"href":"https:\/\/vrtecacc13.splet.arnes.si\/index.php?rest_route=\/wp\/v2\/media\/7571"}],"wp:attachment":[{"href":"https:\/\/vrtecacc13.splet.arnes.si\/index.php?rest_route=%2Fwp%2Fv2%2Fmedia&parent=7546"}],"curies":[{"name":"wp","href":"https:\/\/api.w.org\/{rel}","templated":true}]}}

Podnebni cilji in vsebine v vzgoji in izobraževanju

<p><a href="https://vrtecacc13.splet.arnes.si/files/2023/03/MVI-1.png"><img loading="lazy" decoding="async" class="wp-image-7576 alignleft" src="https://vrtecacc13.splet.arnes.si/files/2023/03/MVI-1-300x72.png" alt="" width="192" height="46" srcset="https://vrtecacc13.splet.arnes.si/files/2023/03/MVI-1-300x72.png 300w, https://vrtecacc13.splet.arnes.si/files/2023/03/MVI-1.png 457w" sizes="(max-width: 192px) 100vw, 192px" /> &nbsp; &nbsp; &nbsp; &nbsp; &nbsp; &nbsp; </a><a href="https://vrtecacc13.splet.arnes.si/files/2023/03/MOPE-1.jpg"><img loading="lazy" decoding="async" class="wp-image-7582 alignright" src="https://vrtecacc13.splet.arnes.si/files/2023/03/MOPE-1-300x102.jpg" alt="" width="142" height="48" srcset="https://vrtecacc13.splet.arnes.si/files/2023/03/MOPE-1-300x102.jpg 300w, https://vrtecacc13.splet.arnes.si/files/2023/03/MOPE-1.jpg 384w" sizes="(max-width: 142px) 100vw, 142px" /></a></p>
<p>&nbsp;</p>
<p>Časovni okvir: 1. 3. 2022 &#8211; 20. 11. 2023</p>
<p>Vzgoja in izobraževanje za trajnostni razvoj je uresničevanje ciljev trajnostnega razvoja <a href="https://www.zrss.si/wp-content/uploads/2022/03/VITR_za_2030-1.pdf" target="_blank" rel="noopener">(VITR za 2030</a>). Področje vzgoje in izobraževanja za trajnostni razvoj (VITR) se je razvilo iz potrebe po soočanju z vse večjimi trajnostnimi izzivi tudi v vzgoji in izobraževanju. VITR uporablja k aktivnosti usmerjene, inovativne pedagoške pristope, s katerimi učečim se omogoča, da pridobijo znanje, postanejo bolj ozaveščeni ter aktivno prispevajo k preobrazbi v bolj trajnostno družbo.&nbsp;Zato je vzgoja in izobraževanje za trajnostni razvoj vseživljenjski proces i prepoznan kot ključni dejavnik pri doseganju vseh ciljev trajnostnega razvoja. Svoj namen dosega s preoblikovanjem družbe.</p>
<p>Z izvajanjem dejavnosti in projektnimi vsebinami bomo v vrtcu sledili vsebinam in ciljem VITR, krepili vrednote in sledili ciljem, ki smo si jih zastavili v okviru projekta.</p>
<p><a href="https://vrtecacc13.splet.arnes.si/files/2023/03/Vrtec-Anice-Cernejeve-Celje_koncna-verzija.pdf" target="_blank" rel="noopener">Predstavitev naših ciljev</a></p>
<p><a href="https://vrtecacc13.splet.arnes.si/files/2023/03/VITR-2.jpg"><img loading="lazy" decoding="async" class="alignnone size-medium wp-image-7583" src="https://vrtecacc13.splet.arnes.si/files/2023/03/VITR-2-300x249.jpg" alt="" width="300" height="249"></a></p>
<p>&nbsp;</p>

<p>&nbsp; &nbsp; &nbsp; &nbsp; &nbsp; &nbsp; &nbsp; Časovni okvir: 1. 3. 2022 &#8211; 20. 11. 2023 Vzgoja in izobraževanje za trajnostni razvoj je uresničevanje ciljev trajnostnega razvoja (VITR za 2030). Področje vzgoje in izobraževanja za trajnostni razvoj (VITR) se je razvilo iz potrebe po soočanju z vse večjimi trajnostnimi izzivi tudi v vzgoji in izobraževanju. [&hellip;]</p>
